{"id":8705,"date":"2023-03-14T21:15:42","date_gmt":"2023-03-14T19:15:42","guid":{"rendered":"https:\/\/misenriquetas.com\/tienda\/politica-de-cookies\/"},"modified":"2023-08-31T17:11:46","modified_gmt":"2023-08-31T15:11:46","slug":"politica-de-cookies","status":"publish","type":"page","link":"https:\/\/misenriquetas.com\/tienda\/politica-de-cookies\/","title":{"rendered":"POL\u00cdTICA DE COOKIES"},"content":{"rendered":"<p>\u00bfAccepta l\u2019\u00fas de cookies en aquest lloc web? misenriquetas.com sol\u00b7licita el seu perm\u00eds per a demanar dades estad\u00edstiques an\u00f2nimes durant la navegaci\u00f3 en aquest lloc web, conforme al Reial decret llei 13\/2012. Per a m\u00e9s informaci\u00f3 consulti la Pol\u00edtica de privacitat i la pol\u00edtica de cookies. No hi ha res dolent en elles.<\/p>\n<p><strong>POL\u00cdTICA DE COOKIES<\/strong><\/p>\n<p><strong>Qu\u00e8 \u00e9s una cookie?<\/strong><\/p>\n<p>Una cookie \u00e9s un petit fitxer de lletres i xifres que es descarrega al seu ordinador en accedir a determinats llocs web. Les cookies permeten a un lloc web recon\u00e8ixer el navegador d\u2019un usuari i no contenen ni recopilen informaci\u00f3. Les cookies es fan servir en la publicitat basada en el comportament per identificar usuaris que comparteixen un determinat inter\u00e8s, de manera que els puguin oferir anuncis m\u00e9s rellevants.<\/p>\n<p>El lloc web www.misenriquetas.com utilitza dos tipus de cookies:<\/p>\n<p>Cookies de primeres parts: son cookies estrictament necess\u00e0ries. Permeten la interactuaci\u00f3 de l\u2019usuari pel lloc web utilitzant totes les seves funcions.<\/p>\n<p>Cookies de rendiment i an\u00e0lisis: s\u00f3n cookies utilitzades per a l\u2019an\u00e0lisi, investigaci\u00f3 o estad\u00edstiques per tal de millorar l\u2019experi\u00e8ncia del lloc web. Mitjan\u00e7ant l\u2019\u00fas d\u2019aquestes cookies es pot mostrar informaci\u00f3 m\u00e9s rellevant als visitants<\/p>\n<p>Com desactivar les cookies?<\/p>\n<p>Tots els navegadors permeten fer canvis que permetin desactivar la configuraci\u00f3 de les cookies. Aquests ajustaments es troben ubicats en les \u201copcions\u201d o \u201cprefer\u00e8ncies\u201d del men\u00fa del seu navegador.<\/p>\n<p>A continuaci\u00f3 podr\u00e0 trobar els links de cada navegador per desactivar les cookies seguint les instruccions:<\/p>\n<p>http:\/\/goo.gl\/ksN5y (Internet Explorer)<br \/>\nhttp:\/\/goo.gl\/F5pHX (Mozilla Firefox)<br \/>\nhttp:\/\/goo.gl\/8cAo (Google Chrome)<br \/>\nhttp:\/\/goo.gl\/KFBFh (Safari 5.1)<\/p>\n<p>Si desitja no ser rastrejat per les cookies, Google ha desenvolupat un complement per instal\u00b7lar en el seu navegador al que pot accedir amb l\u2019enlla\u00e7 seg\u00fcent: http:\/\/goo.gl\/KFBFh<\/p>\n","protected":false},"excerpt":{"rendered":"<p>\u00bfAccepta l\u2019\u00fas de cookies en aquest lloc web? misenriquetas.com sol\u00b7licita el seu perm\u00eds per a demanar dades estad\u00edstiques an\u00f2nimes durant la navegaci\u00f3 en aquest lloc web, conforme al Reial decret llei 13\/2012. Per a m\u00e9s informaci\u00f3 consulti la Pol\u00edtica de privacitat i la pol\u00edtica de cookies. No hi ha res dolent en elles. POL\u00cdTICA DE &hellip;<\/p>\n<p class=\"read-more\"> <a class=\"\" href=\"https:\/\/misenriquetas.com\/tienda\/politica-de-cookies\/\"> <span class=\"screen-reader-text\">POL\u00cdTICA DE COOKIES<\/span> Read More &raquo;<\/a><\/p>\n","protected":false},"author":1,"featured_media":0,"parent":0,"menu_order":0,"comment_status":"closed","ping_status":"closed","template":"","meta":{"_joinchat":[],"footnotes":""},"class_list":["post-8705","page","type-page","status-publish","hentry"],"yoast_head":"<!-- This site is optimized with the Yoast SEO plugin v27.4 - https:\/\/yoast.com\/product\/yoast-seo-wordpress\/ -->\n<title>POL\u00cdTICA DE COOKIES - Mis Enriquetas<\/title>\n<meta name=\"robots\" content=\"index, follow, max-snippet:-1, max-image-preview:large, max-video-preview:-1\" \/>\n<link rel=\"canonical\" href=\"https:\/\/misenriquetas.com\/tienda\/politica-de-cookies\/\" \/>\n<meta property=\"og:locale\" content=\"ca_ES\" \/>\n<meta property=\"og:type\" content=\"article\" \/>\n<meta property=\"og:title\" content=\"POL\u00cdTICA DE COOKIES - Mis Enriquetas\" \/>\n<meta property=\"og:description\" content=\"\u00bfAccepta l\u2019\u00fas de cookies en aquest lloc web? misenriquetas.com sol\u00b7licita el seu perm\u00eds per a demanar dades estad\u00edstiques an\u00f2nimes durant la navegaci\u00f3 en aquest lloc web, conforme al Reial decret llei 13\/2012. Per a m\u00e9s informaci\u00f3 consulti la Pol\u00edtica de privacitat i la pol\u00edtica de cookies. No hi ha res dolent en elles. POL\u00cdTICA DE &hellip; POL\u00cdTICA DE COOKIES Read More &raquo;\" \/>\n<meta property=\"og:url\" content=\"https:\/\/misenriquetas.com\/tienda\/politica-de-cookies\/\" \/>\n<meta property=\"og:site_name\" content=\"Mis Enriquetas\" \/>\n<meta property=\"article:publisher\" content=\"https:\/\/www.facebook.com\/misenriquetas\" \/>\n<meta property=\"article:modified_time\" content=\"2023-08-31T15:11:46+00:00\" \/>\n<meta property=\"og:image\" content=\"https:\/\/misenriquetas.com\/tienda\/wp-content\/uploads\/2020\/04\/Logo-Mis-Enriquetas_seguim-caminant_D-e1605631150554.jpg\" \/>\n\t<meta property=\"og:image:width\" content=\"120\" \/>\n\t<meta property=\"og:image:height\" content=\"120\" \/>\n\t<meta property=\"og:image:type\" content=\"image\/jpeg\" \/>\n<meta name=\"twitter:card\" content=\"summary_large_image\" \/>\n<meta name=\"twitter:label1\" content=\"Temps estimat de lectura\" \/>\n\t<meta name=\"twitter:data1\" content=\"2 minuts\" \/>\n<script type=\"application\/ld+json\" class=\"yoast-schema-graph\">{\"@context\":\"https:\\\/\\\/schema.org\",\"@graph\":[{\"@type\":\"WebPage\",\"@id\":\"https:\\\/\\\/misenriquetas.com\\\/tienda\\\/politica-de-cookies\\\/\",\"url\":\"https:\\\/\\\/misenriquetas.com\\\/tienda\\\/politica-de-cookies\\\/\",\"name\":\"POL\u00cdTICA DE COOKIES - Mis Enriquetas\",\"isPartOf\":{\"@id\":\"https:\\\/\\\/misenriquetas.com\\\/tienda\\\/#website\"},\"datePublished\":\"2023-03-14T19:15:42+00:00\",\"dateModified\":\"2023-08-31T15:11:46+00:00\",\"breadcrumb\":{\"@id\":\"https:\\\/\\\/misenriquetas.com\\\/tienda\\\/politica-de-cookies\\\/#breadcrumb\"},\"inLanguage\":\"ca\",\"potentialAction\":[{\"@type\":\"ReadAction\",\"target\":[\"https:\\\/\\\/misenriquetas.com\\\/tienda\\\/politica-de-cookies\\\/\"]}]},{\"@type\":\"BreadcrumbList\",\"@id\":\"https:\\\/\\\/misenriquetas.com\\\/tienda\\\/politica-de-cookies\\\/#breadcrumb\",\"itemListElement\":[{\"@type\":\"ListItem\",\"position\":1,\"name\":\"Portada\",\"item\":\"https:\\\/\\\/misenriquetas.com\\\/tienda\\\/\"},{\"@type\":\"ListItem\",\"position\":2,\"name\":\"POL\u00cdTICA DE COOKIES\"}]},{\"@type\":\"WebSite\",\"@id\":\"https:\\\/\\\/misenriquetas.com\\\/tienda\\\/#website\",\"url\":\"https:\\\/\\\/misenriquetas.com\\\/tienda\\\/\",\"name\":\"Mis Enriquetas\",\"description\":\"POSEM TOTS ELS ELEMENTS PER A QUE SIGUIS TU\",\"publisher\":{\"@id\":\"https:\\\/\\\/misenriquetas.com\\\/tienda\\\/#organization\"},\"potentialAction\":[{\"@type\":\"SearchAction\",\"target\":{\"@type\":\"EntryPoint\",\"urlTemplate\":\"https:\\\/\\\/misenriquetas.com\\\/tienda\\\/?s={search_term_string}\"},\"query-input\":{\"@type\":\"PropertyValueSpecification\",\"valueRequired\":true,\"valueName\":\"search_term_string\"}}],\"inLanguage\":\"ca\"},{\"@type\":\"Organization\",\"@id\":\"https:\\\/\\\/misenriquetas.com\\\/tienda\\\/#organization\",\"name\":\"mis enriquetas\",\"url\":\"https:\\\/\\\/misenriquetas.com\\\/tienda\\\/\",\"logo\":{\"@type\":\"ImageObject\",\"inLanguage\":\"ca\",\"@id\":\"https:\\\/\\\/misenriquetas.com\\\/tienda\\\/#\\\/schema\\\/logo\\\/image\\\/\",\"url\":\"https:\\\/\\\/misenriquetas.com\\\/tienda\\\/wp-content\\\/uploads\\\/2020\\\/04\\\/Logo-Mis-Enriquetas_seguim-caminant_D-e1605631150554.jpg\",\"contentUrl\":\"https:\\\/\\\/misenriquetas.com\\\/tienda\\\/wp-content\\\/uploads\\\/2020\\\/04\\\/Logo-Mis-Enriquetas_seguim-caminant_D-e1605631150554.jpg\",\"width\":120,\"height\":120,\"caption\":\"mis enriquetas\"},\"image\":{\"@id\":\"https:\\\/\\\/misenriquetas.com\\\/tienda\\\/#\\\/schema\\\/logo\\\/image\\\/\"},\"sameAs\":[\"https:\\\/\\\/www.facebook.com\\\/misenriquetas\",\"https:\\\/\\\/www.instagram.com\\\/mis_enriquetas\\\/\"]}]}<\/script>\n<!-- \/ Yoast SEO plugin. -->","yoast_head_json":{"title":"POL\u00cdTICA DE COOKIES - Mis Enriquetas","robots":{"index":"index","follow":"follow","max-snippet":"max-snippet:-1","max-image-preview":"max-image-preview:large","max-video-preview":"max-video-preview:-1"},"canonical":"https:\/\/misenriquetas.com\/tienda\/politica-de-cookies\/","og_locale":"ca_ES","og_type":"article","og_title":"POL\u00cdTICA DE COOKIES - Mis Enriquetas","og_description":"\u00bfAccepta l\u2019\u00fas de cookies en aquest lloc web? misenriquetas.com sol\u00b7licita el seu perm\u00eds per a demanar dades estad\u00edstiques an\u00f2nimes durant la navegaci\u00f3 en aquest lloc web, conforme al Reial decret llei 13\/2012. Per a m\u00e9s informaci\u00f3 consulti la Pol\u00edtica de privacitat i la pol\u00edtica de cookies. No hi ha res dolent en elles. POL\u00cdTICA DE &hellip; POL\u00cdTICA DE COOKIES Read More &raquo;","og_url":"https:\/\/misenriquetas.com\/tienda\/politica-de-cookies\/","og_site_name":"Mis Enriquetas","article_publisher":"https:\/\/www.facebook.com\/misenriquetas","article_modified_time":"2023-08-31T15:11:46+00:00","og_image":[{"width":120,"height":120,"url":"https:\/\/misenriquetas.com\/tienda\/wp-content\/uploads\/2020\/04\/Logo-Mis-Enriquetas_seguim-caminant_D-e1605631150554.jpg","type":"image\/jpeg"}],"twitter_card":"summary_large_image","twitter_misc":{"Temps estimat de lectura":"2 minuts"},"schema":{"@context":"https:\/\/schema.org","@graph":[{"@type":"WebPage","@id":"https:\/\/misenriquetas.com\/tienda\/politica-de-cookies\/","url":"https:\/\/misenriquetas.com\/tienda\/politica-de-cookies\/","name":"POL\u00cdTICA DE COOKIES - Mis Enriquetas","isPartOf":{"@id":"https:\/\/misenriquetas.com\/tienda\/#website"},"datePublished":"2023-03-14T19:15:42+00:00","dateModified":"2023-08-31T15:11:46+00:00","breadcrumb":{"@id":"https:\/\/misenriquetas.com\/tienda\/politica-de-cookies\/#breadcrumb"},"inLanguage":"ca","potentialAction":[{"@type":"ReadAction","target":["https:\/\/misenriquetas.com\/tienda\/politica-de-cookies\/"]}]},{"@type":"BreadcrumbList","@id":"https:\/\/misenriquetas.com\/tienda\/politica-de-cookies\/#breadcrumb","itemListElement":[{"@type":"ListItem","position":1,"name":"Portada","item":"https:\/\/misenriquetas.com\/tienda\/"},{"@type":"ListItem","position":2,"name":"POL\u00cdTICA DE COOKIES"}]},{"@type":"WebSite","@id":"https:\/\/misenriquetas.com\/tienda\/#website","url":"https:\/\/misenriquetas.com\/tienda\/","name":"Mis Enriquetas","description":"POSEM TOTS ELS ELEMENTS PER A QUE SIGUIS TU","publisher":{"@id":"https:\/\/misenriquetas.com\/tienda\/#organization"},"potentialAction":[{"@type":"SearchAction","target":{"@type":"EntryPoint","urlTemplate":"https:\/\/misenriquetas.com\/tienda\/?s={search_term_string}"},"query-input":{"@type":"PropertyValueSpecification","valueRequired":true,"valueName":"search_term_string"}}],"inLanguage":"ca"},{"@type":"Organization","@id":"https:\/\/misenriquetas.com\/tienda\/#organization","name":"mis enriquetas","url":"https:\/\/misenriquetas.com\/tienda\/","logo":{"@type":"ImageObject","inLanguage":"ca","@id":"https:\/\/misenriquetas.com\/tienda\/#\/schema\/logo\/image\/","url":"https:\/\/misenriquetas.com\/tienda\/wp-content\/uploads\/2020\/04\/Logo-Mis-Enriquetas_seguim-caminant_D-e1605631150554.jpg","contentUrl":"https:\/\/misenriquetas.com\/tienda\/wp-content\/uploads\/2020\/04\/Logo-Mis-Enriquetas_seguim-caminant_D-e1605631150554.jpg","width":120,"height":120,"caption":"mis enriquetas"},"image":{"@id":"https:\/\/misenriquetas.com\/tienda\/#\/schema\/logo\/image\/"},"sameAs":["https:\/\/www.facebook.com\/misenriquetas","https:\/\/www.instagram.com\/mis_enriquetas\/"]}]}},"_links":{"self":[{"href":"https:\/\/misenriquetas.com\/tienda\/wp-json\/wp\/v2\/pages\/8705","targetHints":{"allow":["GET"]}}],"collection":[{"href":"https:\/\/misenriquetas.com\/tienda\/wp-json\/wp\/v2\/pages"}],"about":[{"href":"https:\/\/misenriquetas.com\/tienda\/wp-json\/wp\/v2\/types\/page"}],"author":[{"embeddable":true,"href":"https:\/\/misenriquetas.com\/tienda\/wp-json\/wp\/v2\/users\/1"}],"replies":[{"embeddable":true,"href":"https:\/\/misenriquetas.com\/tienda\/wp-json\/wp\/v2\/comments?post=8705"}],"version-history":[{"count":1,"href":"https:\/\/misenriquetas.com\/tienda\/wp-json\/wp\/v2\/pages\/8705\/revisions"}],"predecessor-version":[{"id":15372,"href":"https:\/\/misenriquetas.com\/tienda\/wp-json\/wp\/v2\/pages\/8705\/revisions\/15372"}],"wp:attachment":[{"href":"https:\/\/misenriquetas.com\/tienda\/wp-json\/wp\/v2\/media?parent=8705"}],"curies":[{"name":"wp","href":"https:\/\/api.w.org\/{rel}","templated":true}]}}